 Calculate the highest common divisor of t and f.
8
Let h be 5*1*3/1. Let r = 13 - 3. Calculate the highest common divisor of r and h.
5
Let l(v) = -29*v**3 - 1. Let k be l(-1). Suppose z - k = -z. What is the highest common divisor of z and 7?
7
Suppose 4*w - 2*c - 28 = 0, -w + 14 = 4*c - c. What is the greatest common factor of w and 88?
8
Suppose -86 = -5*n - l + 84, -130 = -3*n + 5*l. Let w = n + -5. Calculate the greatest common divisor of w and 10.
10
Suppose -3*t + 33 = -0*t. Let k = 12 + t. What is the greatest common factor of 207 and k?
23
Let z(i) = -5 - 4 - 5*i + 4 + 3. Let n be z(-10). Calculate the greatest common factor of 6 and n.
6
Let t(s) = 10*s - 71. Let n be t(12). What is the highest common divisor of 14 and n?
7
Suppose 5*w + 132 = 5*i - i, -i + 4*w + 22 = 0. Calculate the greatest common divisor of 38 and i.
38
Suppose n - c + 5*c = 164, -3*c = 5*n - 735. Calculate the highest common divisor of 18 and n.
18
Let q = 6 + -8. Let p be 2024/28 - q/(-7). What is the greatest common divisor of 12 and p?
12
Let k(j) = j**2 + 8*j + 4. Let q be k(-8). Suppose 8*t = 3*t - 5*u + 65, 3*u = q*t - 66. What is the greatest common divisor of 30 and t?
15
Suppose t + 36 = -3*t. Let b(p) = p**2 + 5*p - 1. Let k be b(t). What is the greatest common factor of k and 5?
5
Suppose -10 = -3*k + 2*o - 2, 5*k = -5*o + 30. Let g be 48*((-16)/(-12))/k. What is the greatest common factor of g and 128?
16
Suppose -2*q + v = -q - 6, 0 = -4*q + 3*v + 27. What is the greatest common factor of q and 6?
3
Let b(p) = 3*p**3 - p**2 - 2*p - 1. Let q be b(2). Calculate the greatest common divisor of 105 and q.
15
Let h = 4 - -6. Suppose 3*b - 11 = h. Calculate the greatest common factor of 1 and b.
1
Let l be (-6)/9*(4 + -37). Suppose 5*j - 3*j - l = 0. Let n(c) = 26*c**2 - 3*c + 1. Let h be n(2). Calculate the greatest common divisor of h and j.
11
Suppose -36 = -4*a + 12. Let y(v) be the second derivative of v**4/6 - 2*v**3/3 - 2*v. Let c be y(3). What is the greatest common factor of c and a?
6
Suppose 3*g - 7*g = 0. Let z(k) = g*k**2 + 8*k**2 - 2*k**2 - 1. Let n be z(1). Calculate the greatest common factor of n and 20.
5
Let o be ((-144)/(-15))/((-1)/(-5)). Let d(k) = -k**2 + k - 3. Let l be d(0). Let r be 10*4*l*-1. Calculate the greatest common factor of o and r.
24
Let q = 39 + -28. Calculate the greatest common divisor of q and 55.
11
Suppose -275 + 23 = -4*s. What is the greatest common factor of s and 7?
7
Let k be 1/2*2*5. Let d = 1 + 17. Let m = d + -3. Calculate the greatest common factor of m and k.
5
Suppose -3*p = -3*q - 36, -3*q - 4*p = 36 + 35. Let n = 14 - q. Suppose 2*t - n = 11. Calculate the highest common factor of t and 84.
21
Let m = 7 - 2. Suppose 0 = -r - 5*d + 24, 2*r - m*d + 0 = 3. Suppose -p + r + 2 = 0. What is the highest common factor of 99 and p?
11
Suppose 4*i - 96 = 192. Let p(h) = h + 3. Let u be p(5). Calculate the highest common factor of u and i.
8
Let n = -32 + 94. Suppose 3*g - 5*x + n = -0*g, 5*g + x + 66 = 0. Let a be (-4)/g + (-278)/(-7). Calculate the highest common divisor of 16 and a.
8
Let t(v) = -11*v - 1. Let c be t(1). Let f = c - -54. What is the greatest common factor of f and 105?
21
Let d(s) = -35*s + 1. Let g be d(-5). What is the greatest common divisor of g and 22?
22
Let w = 15 + -10. Suppose -2*r = -w - 3. Calculate the greatest common divisor of 6 and r.
2
Suppose 20*d - 21*d = -1. What is the highest common factor of d and 2?
1
Suppose 30*b - 86 = 1354. Suppose 5*n + 53 = 4*d, 0*d - n + 47 = 4*d. Calculate the highest common divisor of b and d.
12
Let r = 7 - 3. Suppose -3*l = -15, -r*u + l = -57 - 18. What is the highest common factor of 4 and u?
4
Let j(g) = -4*g**3 + g**2 - g - 3. Let n be j(-3). What is the greatest common factor of n and 13?
13
Suppose 2*g - 5*g + 315 = 3*v, 0 = 2*v - 3*g - 195. Calculate the greatest common factor of 68 and v.
34
Let n be (1/(-2))/((261/2808)/(-29)). What is the greatest common factor of 12 and n?
12
Suppose 2*w = -4*r, 2*r + 4*w + 3 = -3. Let p = 6 + 5. What is the highest common divisor of r and p?
1
Let h(a) = a**2 + a - 42. Let m be h(0). Let t = 70 + m. Calculate the highest common divisor of t and 7.
7
Let c be 145/25 + 2/10. Suppose 3*q - 1 = 2*q. Calculate the highest common divisor of q and c.
1
Suppose 4*t - 20 - 16 = 0. Let c = -25 + 52. What is the highest common divisor of c and t?
9
Let q = 17 - 14. Suppose q*l = 4*k - 80, 3*k = -2*k - 3*l + 73. Calculate the highest common divisor of 17 and k.
17
Let f(h) = h**2 - 6*h + 8. Let w be f(8). What is the greatest common divisor of w and 8?
8
Let t = -14 - -17. What is the greatest common factor of t and 3?
3
Let h(k) = -2*k - 8. Let v be h(-12). What is the greatest common divisor of v and 2?
2
Suppose 18 = 4*x - 2*m, 5*m + 17 = -x - 3*x. What is the highest common factor of x and 2?
2
Let d = 12 + -5. Suppose 15 = d*y - 4*y. Suppose 3*j - 88 = -13. What is the highest common divisor of y and j?
5
Suppose -m + 60 = 2*m. Calculate the greatest common factor of 50 and m.
10
Let y be (-135)/(-18)*(-6)/(-5). Suppose 195 = 2*q + q. Suppose 0*h - h - 4*d = -29, 5*h + 4*d = q. What is the highest common factor of y and h?
9
Let s be ((-231)/49 - -3)*(-14)/1. Let v = -64 + 92. Suppose -v + 4 = -3*h. Calculate the highest common divisor of h and s.
8
Let i(s) = 10*s**3 + 5*s**2 - s - 4. Let n be i(3). Suppose -4*h + 820 = n. Let u be 1/(-3) + 98/6. Calculate the greatest common factor of u and h.
16
Let h be ((-4)/(-3))/((-6)/(-135)). Suppose -2*d + 0*x + 15 = 5*x, -9 = 3*x. What is the highest common divisor of d and h?
15
Let o = 6 + -4. Let a(g) = -g + 8. Let w be a(6). Suppose -u - w = 0, -12 = -o*y - 3*u + 22. What is the greatest common divisor of y and 30?
10
Suppose -u = 3*a + 4*u - 37, -4*a + u = -57. Let c be (30 + 0)*(-8)/(-12). Let h = c - a. Calculate the greatest common factor of 3 and h.
3
Suppose 2*h = 6*h + 8. Let v(t) = -2*t**3 - t**2 + t + 2. Let j be v(h). Suppose -24 = 2*o - 3*o. Calculate the greatest common factor of o and j.
12
Suppose -5*d = -2*p + 227, 2*p - 3*d - 245 = -4*d. What is the highest common divisor of 11 and p?
11
Suppose -14 = -2*l + 6. What is the greatest common divisor of 25 and l?
5
Let z = 28 - 12. Calculate the highest common divisor of 144 and z.
16
Let g(u) be the first derivative of u**2/2 + 8*u - 1. Let v be g(-5). Calculate the highest common divisor of 33 and v.
3
Let u = 7 + 21. Suppose -3*l + 44 = -7*l. Let n = l + u. What is the highest common divisor of 187 and n?
17
Suppose 3*p + 2 - 5 = 0. Let v = p + 3. Calculate the highest common divisor of 12 and v.
4
Suppose 240 = 2*q + 8*q. Calculate the greatest common divisor of q and 32.
8
Suppose 26 = 2*r - 58. What is the highest common factor of 7 and r?
7
Let l(n) = -13*n. Let f be l(-2). Suppose v = 3*v - f. Suppose -5*m = -8*m + 39. What is the highest common factor of v and m?
13
Let k be -2*3 + 2 + -1. Let t be (2 + -2)*(-1 - -2). Let w = t - k. Calculate the highest common divisor of w and 40.
5
Let o = 3 - 1. Let k = 117 - 111. What is the greatest common factor of o and k?
2
Let i be 34/(-12) + (-4)/24. Let v be (-42)/(-1) - (-6)/i. Calculate the greatest common factor of 100 and v.
20
Let u(i) = 3*i**3 - 3*i**2 + 2*i - i**3 - 1 + 3*i**3 - 1. Let g be u(2). Calculate the greatest common divisor of 10 and g.
10
Let p = 162 - 98. Calculate the greatest common divisor of p and 16.
16
Suppose 0 = 2*a + a - 5*i - 54, -a = 4*i - 1. Calculate the highest common divisor of a and 26.
13
Let w(l) = 2*l**2 - 4*l - 11. Let o be w(9). Suppose -5*y + 3*q + 3 = -600, -y = 5*q - o. What is the greatest common factor of 15 and y?
15
Let p(j) = 10*j**2 - j + 1. Let f be p(2). Suppose 5*v - f = 16. What is the highest common divisor of v and 99?
11
Let g be (-46)/(-4) - (-1)/2. Let r = -34 - -58. Calculate the highest common factor of g and r.
12
Let r(g) = -g**2 + 8*g - 2. Let y be r(7). Calculate the highest common factor of 2 and y.
1
Let d be 2 + (-8)/(-2) + 18. Let o = d + -22. Suppose -4 = -4*s + 4. Calculate the greatest common factor of s and o.
2
Suppose -r = -0*q + 2*q - 228, 2*r + 328 = 3*q. What is the greatest common divisor of 28 and q?
28
Suppose -5*z + 5 + 145 = 0. Let u be ((-4)/10)/((-3)/30).